{"id":941,"date":"2026-09-02T13:08:40","date_gmt":"2026-09-02T13:08:40","guid":{"rendered":"https:\/\/rackmedia.online\/?page_id=941"},"modified":"2026-09-02T13:20:04","modified_gmt":"2026-09-02T13:20:04","slug":"zukunft","status":"publish","type":"page","link":"https:\/\/rackmedia.online\/","title":{"rendered":"Zukunft"},"content":{"rendered":"\n<p class=\"wp-block-paragraph\"><strong>DER SELIGENST\u00c4DTER<\/strong><\/p>\n\n\n\n<p class=\"wp-block-paragraph\"><strong>Wir sagen nicht \u201eAuf Wiedersehen\u201c \u2013 sondern \u201eBis bald!\u201c<\/strong><\/p>\n\n\n\n<p class=\"wp-block-paragraph\">Mit der September-Ausgabe hat sich Ihre Heimatzeitung <strong>DER SELIGENST\u00c4DTER<\/strong> zun\u00e4chst verabschiedet.<\/p>\n\n\n\n<p class=\"wp-block-paragraph\"><strong>Aber: Nur vorerst.<\/strong><\/p>\n\n\n\n<p class=\"wp-block-paragraph\">Hinter den Kulissen wird bereits mit Hochdruck an einer <strong>Nachfolge und einer neuen Aufstellung des Verlages<\/strong> gearbeitet. <br>Unser Ziel ist es, <strong>DER SELIGENST\u00c4DTER<\/strong> weiterzuf\u00fchren und gemeinsam mit Ihnen in eine gute Zukunft zu gehen.<\/p>\n\n\n\n<p class=\"wp-block-paragraph\">Sobald unser neues Konzept steht, <strong>werden wir Sie pers\u00f6nlich und selbstverst\u00e4ndlich zuallererst informieren.<\/strong><\/p>\n\n\n\n<p class=\"wp-block-paragraph\">Wir danken Ihnen von Herzen f\u00fcr Ihre <strong>Treue, Ihr Vertrauen und Ihre Unterst\u00fctzung<\/strong>.<\/p>\n\n\n\n<p class=\"wp-block-paragraph\">Wir sind \u00fcberzeugt: <strong>DER SELIGENST\u00c4DTER geh\u00f6rt zu Seligenstadt. Und Seligenstadt geh\u00f6rt zu DER SELIGENST\u00c4DTER. <\/strong><br><strong>Auf eine gute gemeinsame Zukunft!<\/strong><\/p>\n\n\n\n<p class=\"wp-block-paragraph\">Ihre <strong>Familie Rack<\/strong><\/p>\n\n\n\n<p class=\"wp-block-paragraph\"><a href=\"https:\/\/rackmedia.online\/?page_id=521\" data-type=\"page\" data-id=\"521\">-weiter-<\/a><\/p>\n\n\n\n<p class=\"wp-block-paragraph\"><\/p>\n","protected":false},"excerpt":{"rendered":"<p>DER SELIGENST\u00c4DTER Wir sagen nicht \u201eAuf Wiedersehen\u201c \u2013 sondern \u201eBis bald!\u201c Mit der September-Ausgabe hat sich Ihre Heimatzeitung DER SELIGENST\u00c4DTER zun\u00e4chst verabschiedet. Aber: Nur vorerst. Hinter den Kulissen wird bereits mit Hochdruck an einer Nachfolge und einer neuen Aufstellung des Verlages gearbeitet. Unser Ziel ist es, DER SELIGENST\u00c4DTER weiterzuf\u00fchren und gemeinsam mit Ihnen in eine &hellip;<br \/><a href=\"https:\/\/rackmedia.online\/\" class=\"more-link pen_button pen_element_default pen_icon_arrow_double\">Continue reading <span class=\"screen-reader-text\">Zukunft<\/span><\/a><\/p>\n","protected":false},"author":1,"featured_media":0,"parent":0,"menu_order":0,"comment_status":"closed","ping_status":"closed","template":"","meta":{"footnotes":""},"class_list":["post-941","page","type-page","status-publish","hentry"],"_links":{"self":[{"href":"https:\/\/rackmedia.online\/index.php?rest_route=\/wp\/v2\/pages\/941","targetHints":{"allow":["GET"]}}],"collection":[{"href":"https:\/\/rackmedia.online\/index.php?rest_route=\/wp\/v2\/pages"}],"about":[{"href":"https:\/\/rackmedia.online\/index.php?rest_route=\/wp\/v2\/types\/page"}],"author":[{"embeddable":true,"href":"https:\/\/rackmedia.online\/index.php?rest_route=\/wp\/v2\/users\/1"}],"replies":[{"embeddable":true,"href":"https:\/\/rackmedia.online\/index.php?rest_route=%2Fwp%2Fv2%2Fcomments&post=941"}],"version-history":[{"count":5,"href":"https:\/\/rackmedia.online\/index.php?rest_route=\/wp\/v2\/pages\/941\/revisions"}],"predecessor-version":[{"id":950,"href":"https:\/\/rackmedia.online\/index.php?rest_route=\/wp\/v2\/pages\/941\/revisions\/950"}],"wp:attachment":[{"href":"https:\/\/rackmedia.online\/index.php?rest_route=%2Fwp%2Fv2%2Fmedia&parent=941"}],"curies":[{"name":"wp","href":"https:\/\/api.w.org\/{rel}","templated":true}]}}

<p class="wp-block-paragraph"><strong>DER SELIGENSTÄDTER</strong></p>



<p class="wp-block-paragraph"><strong>Wir sagen nicht „Auf Wiedersehen“ – sondern „Bis bald!“</strong></p>



<p class="wp-block-paragraph">Mit der September-Ausgabe hat sich Ihre Heimatzeitung <strong>DER SELIGENSTÄDTER</strong> zunächst verabschiedet.</p>



<p class="wp-block-paragraph"><strong>Aber: Nur vorerst.</strong></p>



<p class="wp-block-paragraph">Hinter den Kulissen wird bereits mit Hochdruck an einer <strong>Nachfolge und einer neuen Aufstellung des Verlages</strong> gearbeitet. <br>Unser Ziel ist es, <strong>DER SELIGENSTÄDTER</strong> weiterzuführen und gemeinsam mit Ihnen in eine gute Zukunft zu gehen.</p>



<p class="wp-block-paragraph">Sobald unser neues Konzept steht, <strong>werden wir Sie persönlich und selbstverständlich zuallererst informieren.</strong></p>



<p class="wp-block-paragraph">Wir danken Ihnen von Herzen für Ihre <strong>Treue, Ihr Vertrauen und Ihre Unterstützung</strong>.</p>



<p class="wp-block-paragraph">Wir sind überzeugt: <strong>DER SELIGENSTÄDTER gehört zu Seligenstadt. Und Seligenstadt gehört zu DER SELIGENSTÄDTER. </strong><br><strong>Auf eine gute gemeinsame Zukunft!</strong></p>



<p class="wp-block-paragraph">Ihre <strong>Familie Rack</strong></p>



<p class="wp-block-paragraph"><a href="https://rackmedia.online/?page_id=521" data-type="page" data-id="521">-weiter-</a></p>



<p class="wp-block-paragraph"></p>

<p>DER SELIGENSTÄDTER Wir sagen nicht „Auf Wiedersehen“ – sondern „Bis bald!“ Mit der September-Ausgabe hat sich Ihre Heimatzeitung DER SELIGENSTÄDTER zunächst verabschiedet. Aber: Nur vorerst. Hinter den Kulissen wird bereits mit Hochdruck an einer Nachfolge und einer neuen Aufstellung des Verlages gearbeitet. Unser Ziel ist es, DER SELIGENSTÄDTER weiterzuführen und gemeinsam mit Ihnen in eine &hellip;<br /><a href="https://rackmedia.online/" class="more-link pen_button pen_element_default pen_icon_arrow_double">Continue reading <span class="screen-reader-text">Zukunft</span></a></p>
